{"id":7134,"date":"2026-08-26T08:48:24","date_gmt":"2026-08-26T08:48:24","guid":{"rendered":"https:\/\/www.sii-pinocchio.hr\/?page_id=7134"},"modified":"2026-09-02T09:58:51","modified_gmt":"2026-09-02T09:58:51","slug":"upravno-vijece","status":"publish","type":"page","link":"https:\/\/www.sii-pinocchio.hr\/it\/o-nama\/upravno-vijece\/","title":{"rendered":"Consiglio di amministrazione"},"content":{"rendered":"<p>L'asilo \u00e8 amministrato dal Consiglio di amministrazione.<\/p>\n<p>Il Consiglio di amministrazione \u00e8 composto dal presidente e da quattro membri.<\/p>\n<p>Il presidente e i membri del Consiglio di amministrazione sono nominati e revocati dal Fondatore.<\/p>\n<p>Almeno la met\u00e0 dei membri del Consiglio di amministrazione \u00e8 nominata dal Fondatore; un membro \u00e8 eletto dai genitori dei bambini che usufruiscono dei servizi dell\u2019asilo, mentre gli altri membri del Consiglio di amministrazione sono eletti a scrutinio segreto tra gli educatori e i collaboratori professionali dell\u2019asilo d\u2019infanzia.<\/p>\n<p data-start=\"709\" data-end=\"737\"><strong>Membri del Consiglio di amministrazione per il mandato 2025\u20132029:\u00a0<\/strong><\/p>\n<ol>\n<li data-start=\"709\" data-end=\"737\">Roberta Lako\u0161eljac \u2013 presidente<\/li>\n<li data-start=\"709\" data-end=\"737\">Neda \u0160ain\u010di\u0107 Pilato<\/li>\n<li data-start=\"709\" data-end=\"737\">Ladislav Radoslovi\u0107<\/li>\n<li data-start=\"709\" data-end=\"737\">Snje\u017eana \u0160u\u0161a \u2013 rappresentante del personale educativo<\/li>\n<li data-start=\"709\" data-end=\"737\">Roman Morovi\u0107 \u2013 rappresentante dei genitori<\/li>\n<\/ol>\n<h3>Documenti del Consiglio di amministrazione<\/h3>\n<p>&nbsp;<\/p>","protected":false},"excerpt":{"rendered":"<p>Dje\u010djim vrti\u0107em upravlja Upravno vije\u0107e. Upravno vije\u0107e ima predsjednika i \u010detiri \u010dlana. Predsjednika i \u010dlanove upravnog vije\u0107a imenuje i opoziva Osniva\u010d. Najmanje polovicu \u010dlanova upravnog vije\u0107a imenuje Osniva\u010d, jednog \u010dlana biraju roditelji djece korisnika usluga, a ostali \u010dlanovi upravnog vije\u0107a biraju se tajnim glasovanjem iz reda odgojitelja i stru\u010dnih suradnika dje\u010djeg vrti\u0107a. \u010clanovi Upravnog vije\u0107a [&hellip;]<\/p>","protected":false},"author":2,"featured_media":0,"parent":2876,"menu_order":0,"comment_status":"closed","ping_status":"closed","template":"","meta":{"footnotes":""},"class_list":["post-7134","page","type-page","status-publish","hentry"],"yoast_head":"<!-- This site is optimized with the Yoast SEO plugin v19.0 - https:\/\/yoast.com\/wordpress\/plugins\/seo\/ -->\n<title>Upravno vije\u0107e - Talijanski dje\u010dji vrti\u0107 Pinocchio<\/title>\n<meta name=\"robots\" content=\"index, follow, max-snippet:-1, max-image-preview:large, max-video-preview:-1\" \/>\n<link rel=\"canonical\" href=\"https:\/\/www.sii-pinocchio.hr\/it\/o-nama\/upravno-vijece\/\" \/>\n<meta property=\"og:locale\" content=\"it_IT\" \/>\n<meta property=\"og:type\" content=\"article\" \/>\n<meta property=\"og:title\" content=\"Upravno vije\u0107e - Talijanski dje\u010dji vrti\u0107 Pinocchio\" \/>\n<meta property=\"og:description\" content=\"Dje\u010djim vrti\u0107em upravlja Upravno vije\u0107e. Upravno vije\u0107e ima predsjednika i \u010detiri \u010dlana. Predsjednika i \u010dlanove upravnog vije\u0107a imenuje i opoziva Osniva\u010d. Najmanje polovicu \u010dlanova upravnog vije\u0107a imenuje Osniva\u010d, jednog \u010dlana biraju roditelji djece korisnika usluga, a ostali \u010dlanovi upravnog vije\u0107a biraju se tajnim glasovanjem iz reda odgojitelja i stru\u010dnih suradnika dje\u010djeg vrti\u0107a. \u010clanovi Upravnog vije\u0107a [&hellip;]\" \/>\n<meta property=\"og:url\" content=\"https:\/\/www.sii-pinocchio.hr\/it\/o-nama\/upravno-vijece\/\" \/>\n<meta property=\"og:site_name\" content=\"Talijanski dje\u010dji vrti\u0107 Pinocchio\" \/>\n<meta property=\"article:modified_time\" content=\"2026-09-02T09:58:51+00:00\" \/>\n<meta name=\"twitter:card\" content=\"summary_large_image\" \/>\n<script type=\"application\/ld+json\" class=\"yoast-schema-graph\">{\"@context\":\"https:\/\/schema.org\",\"@graph\":[{\"@type\":\"WebSite\",\"@id\":\"https:\/\/www.sii-pinocchio.hr\/it\/#website\",\"url\":\"https:\/\/www.sii-pinocchio.hr\/it\/\",\"name\":\"Talijanski dje\u010dji vrti\u0107 Pinocchio\",\"description\":\"\",\"potentialAction\":[{\"@type\":\"SearchAction\",\"target\":{\"@type\":\"EntryPoint\",\"urlTemplate\":\"https:\/\/www.sii-pinocchio.hr\/it\/?s={search_term_string}\"},\"query-input\":\"required name=search_term_string\"}],\"inLanguage\":\"it-IT\"},{\"@type\":\"WebPage\",\"@id\":\"https:\/\/www.sii-pinocchio.hr\/o-nama\/upravno-vijece\/#webpage\",\"url\":\"https:\/\/www.sii-pinocchio.hr\/o-nama\/upravno-vijece\/\",\"name\":\"Upravno vije\u0107e - Talijanski dje\u010dji vrti\u0107 Pinocchio\",\"isPartOf\":{\"@id\":\"https:\/\/www.sii-pinocchio.hr\/it\/#website\"},\"datePublished\":\"2026-08-26T08:48:24+00:00\",\"dateModified\":\"2026-09-02T09:58:51+00:00\",\"breadcrumb\":{\"@id\":\"https:\/\/www.sii-pinocchio.hr\/o-nama\/upravno-vijece\/#breadcrumb\"},\"inLanguage\":\"it-IT\",\"potentialAction\":[{\"@type\":\"ReadAction\",\"target\":[\"https:\/\/www.sii-pinocchio.hr\/o-nama\/upravno-vijece\/\"]}]},{\"@type\":\"BreadcrumbList\",\"@id\":\"https:\/\/www.sii-pinocchio.hr\/o-nama\/upravno-vijece\/#breadcrumb\",\"itemListElement\":[{\"@type\":\"ListItem\",\"position\":1,\"name\":\"Po\u010detna stranica\",\"item\":\"https:\/\/www.sii-pinocchio.hr\/\"},{\"@type\":\"ListItem\",\"position\":2,\"name\":\"O nama\",\"item\":\"https:\/\/www.sii-pinocchio.hr\/o-nama\/\"},{\"@type\":\"ListItem\",\"position\":3,\"name\":\"Upravno vije\u0107e\"}]}]}<\/script>\n<!-- \/ Yoast SEO plugin. -->","yoast_head_json":{"title":"Upravno vije\u0107e - Talijanski dje\u010dji vrti\u0107 Pinocchio","robots":{"index":"index","follow":"follow","max-snippet":"max-snippet:-1","max-image-preview":"max-image-preview:large","max-video-preview":"max-video-preview:-1"},"canonical":"https:\/\/www.sii-pinocchio.hr\/it\/o-nama\/upravno-vijece\/","og_locale":"it_IT","og_type":"article","og_title":"Upravno vije\u0107e - Talijanski dje\u010dji vrti\u0107 Pinocchio","og_description":"Dje\u010djim vrti\u0107em upravlja Upravno vije\u0107e. Upravno vije\u0107e ima predsjednika i \u010detiri \u010dlana. Predsjednika i \u010dlanove upravnog vije\u0107a imenuje i opoziva Osniva\u010d. Najmanje polovicu \u010dlanova upravnog vije\u0107a imenuje Osniva\u010d, jednog \u010dlana biraju roditelji djece korisnika usluga, a ostali \u010dlanovi upravnog vije\u0107a biraju se tajnim glasovanjem iz reda odgojitelja i stru\u010dnih suradnika dje\u010djeg vrti\u0107a. \u010clanovi Upravnog vije\u0107a [&hellip;]","og_url":"https:\/\/www.sii-pinocchio.hr\/it\/o-nama\/upravno-vijece\/","og_site_name":"Talijanski dje\u010dji vrti\u0107 Pinocchio","article_modified_time":"2026-09-02T09:58:51+00:00","twitter_card":"summary_large_image","schema":{"@context":"https:\/\/schema.org","@graph":[{"@type":"WebSite","@id":"https:\/\/www.sii-pinocchio.hr\/it\/#website","url":"https:\/\/www.sii-pinocchio.hr\/it\/","name":"Talijanski dje\u010dji vrti\u0107 Pinocchio","description":"","potentialAction":[{"@type":"SearchAction","target":{"@type":"EntryPoint","urlTemplate":"https:\/\/www.sii-pinocchio.hr\/it\/?s={search_term_string}"},"query-input":"required name=search_term_string"}],"inLanguage":"it-IT"},{"@type":"WebPage","@id":"https:\/\/www.sii-pinocchio.hr\/o-nama\/upravno-vijece\/#webpage","url":"https:\/\/www.sii-pinocchio.hr\/o-nama\/upravno-vijece\/","name":"Upravno vije\u0107e - Talijanski dje\u010dji vrti\u0107 Pinocchio","isPartOf":{"@id":"https:\/\/www.sii-pinocchio.hr\/it\/#website"},"datePublished":"2026-08-26T08:48:24+00:00","dateModified":"2026-09-02T09:58:51+00:00","breadcrumb":{"@id":"https:\/\/www.sii-pinocchio.hr\/o-nama\/upravno-vijece\/#breadcrumb"},"inLanguage":"it-IT","potentialAction":[{"@type":"ReadAction","target":["https:\/\/www.sii-pinocchio.hr\/o-nama\/upravno-vijece\/"]}]},{"@type":"BreadcrumbList","@id":"https:\/\/www.sii-pinocchio.hr\/o-nama\/upravno-vijece\/#breadcrumb","itemListElement":[{"@type":"ListItem","position":1,"name":"Po\u010detna stranica","item":"https:\/\/www.sii-pinocchio.hr\/"},{"@type":"ListItem","position":2,"name":"O nama","item":"https:\/\/www.sii-pinocchio.hr\/o-nama\/"},{"@type":"ListItem","position":3,"name":"Upravno vije\u0107e"}]}]}},"_links":{"self":[{"href":"https:\/\/www.sii-pinocchio.hr\/it\/wp-json\/wp\/v2\/pages\/7134","targetHints":{"allow":["GET"]}}],"collection":[{"href":"https:\/\/www.sii-pinocchio.hr\/it\/wp-json\/wp\/v2\/pages"}],"about":[{"href":"https:\/\/www.sii-pinocchio.hr\/it\/wp-json\/wp\/v2\/types\/page"}],"author":[{"embeddable":true,"href":"https:\/\/www.sii-pinocchio.hr\/it\/wp-json\/wp\/v2\/users\/2"}],"replies":[{"embeddable":true,"href":"https:\/\/www.sii-pinocchio.hr\/it\/wp-json\/wp\/v2\/comments?post=7134"}],"version-history":[{"count":3,"href":"https:\/\/www.sii-pinocchio.hr\/it\/wp-json\/wp\/v2\/pages\/7134\/revisions"}],"predecessor-version":[{"id":7140,"href":"https:\/\/www.sii-pinocchio.hr\/it\/wp-json\/wp\/v2\/pages\/7134\/revisions\/7140"}],"up":[{"embeddable":true,"href":"https:\/\/www.sii-pinocchio.hr\/it\/wp-json\/wp\/v2\/pages\/2876"}],"wp:attachment":[{"href":"https:\/\/www.sii-pinocchio.hr\/it\/wp-json\/wp\/v2\/media?parent=7134"}],"curies":[{"name":"wp","href":"https:\/\/api.w.org\/{rel}","templated":true}]}}

<p>L'asilo è amministrato dal Consiglio di amministrazione.</p>
<p>Il Consiglio di amministrazione è composto dal presidente e da quattro membri.</p>
<p>Il presidente e i membri del Consiglio di amministrazione sono nominati e revocati dal Fondatore.</p>
<p>Almeno la metà dei membri del Consiglio di amministrazione è nominata dal Fondatore; un membro è eletto dai genitori dei bambini che usufruiscono dei servizi dell’asilo, mentre gli altri membri del Consiglio di amministrazione sono eletti a scrutinio segreto tra gli educatori e i collaboratori professionali dell’asilo d’infanzia.</p>
<p data-start="709" data-end="737"><strong>Membri del Consiglio di amministrazione per il mandato 2025–2029: </strong></p>
<ol>
<li data-start="709" data-end="737">Roberta Lakošeljac – presidente</li>
<li data-start="709" data-end="737">Neda Šainčić Pilato</li>
<li data-start="709" data-end="737">Ladislav Radoslović</li>
<li data-start="709" data-end="737">Snježana Šuša – rappresentante del personale educativo</li>
<li data-start="709" data-end="737">Roman Morović – rappresentante dei genitori</li>
</ol>
<h3>Documenti del Consiglio di amministrazione</h3>
<p>&nbsp;</p>

<p>Dječjim vrtićem upravlja Upravno vijeće. Upravno vijeće ima predsjednika i četiri člana. Predsjednika i članove upravnog vijeća imenuje i opoziva Osnivač. Najmanje polovicu članova upravnog vijeća imenuje Osnivač, jednog člana biraju roditelji djece korisnika usluga, a ostali članovi upravnog vijeća biraju se tajnim glasovanjem iz reda odgojitelja i stručnih suradnika dječjeg vrtića. Članovi Upravnog vijeća [&hellip;]</p>

<!-- This site is optimized with the Yoast SEO plugin v19.0 - https://yoast.com/wordpress/plugins/seo/ -->
<title>Upravno vijeće - Talijanski dječji vrtić Pinocchio</title>
<meta name="robots" content="index, follow, max-snippet:-1, max-image-preview:large, max-video-preview:-1" />
<link rel="canonical" href="https://www.sii-pinocchio.hr/it/o-nama/upravno-vijece/" />
<meta property="og:locale" content="it_IT" />
<meta property="og:type" content="article" />
<meta property="og:title" content="Upravno vijeće - Talijanski dječji vrtić Pinocchio" />
<meta property="og:description" content="Dječjim vrtićem upravlja Upravno vijeće. Upravno vijeće ima predsjednika i četiri člana. Predsjednika i članove upravnog vijeća imenuje i opoziva Osnivač. Najmanje polovicu članova upravnog vijeća imenuje Osnivač, jednog člana biraju roditelji djece korisnika usluga, a ostali članovi upravnog vijeća biraju se tajnim glasovanjem iz reda odgojitelja i stručnih suradnika dječjeg vrtića. Članovi Upravnog vijeća [&hellip;]" />
<meta property="og:url" content="https://www.sii-pinocchio.hr/it/o-nama/upravno-vijece/" />
<meta property="og:site_name" content="Talijanski dječji vrtić Pinocchio" />
<meta property="article:modified_time" content="2026-09-02T09:58:51+00:00" />
<meta name="twitter:card" content="summary_large_image" />
<script type="application/ld+json" class="yoast-schema-graph">{"@context":"https://schema.org","@graph":[{"@type":"WebSite","@id":"https://www.sii-pinocchio.hr/it/#website","url":"https://www.sii-pinocchio.hr/it/","name":"Talijanski dječji vrtić Pinocchio","description":"","potentialAction":[{"@type":"SearchAction","target":{"@type":"EntryPoint","urlTemplate":"https://www.sii-pinocchio.hr/it/?s={search_term_string}"},"query-input":"required name=search_term_string"}],"inLanguage":"it-IT"},{"@type":"WebPage","@id":"https://www.sii-pinocchio.hr/o-nama/upravno-vijece/#webpage","url":"https://www.sii-pinocchio.hr/o-nama/upravno-vijece/","name":"Upravno vijeće - Talijanski dječji vrtić Pinocchio","isPartOf":{"@id":"https://www.sii-pinocchio.hr/it/#website"},"datePublished":"2026-08-26T08:48:24+00:00","dateModified":"2026-09-02T09:58:51+00:00","breadcrumb":{"@id":"https://www.sii-pinocchio.hr/o-nama/upravno-vijece/#breadcrumb"},"inLanguage":"it-IT","potentialAction":[{"@type":"ReadAction","target":["https://www.sii-pinocchio.hr/o-nama/upravno-vijece/"]}]},{"@type":"BreadcrumbList","@id":"https://www.sii-pinocchio.hr/o-nama/upravno-vijece/#breadcrumb","itemListElement":[{"@type":"ListItem","position":1,"name":"Početna stranica","item":"https://www.sii-pinocchio.hr/"},{"@type":"ListItem","position":2,"name":"O nama","item":"https://www.sii-pinocchio.hr/o-nama/"},{"@type":"ListItem","position":3,"name":"Upravno vijeće"}]}]}</script>
<!-- / Yoast SEO plugin. -->

Upravno vijeće - Talijanski dječji vrtić Pinocchio

Dječjim vrtićem upravlja Upravno vijeće. Upravno vijeće ima predsjednika i četiri člana. Predsjednika i članove upravnog vijeća imenuje i opoziva Osnivač. Najmanje polovicu članova upravnog vijeća imenuje Osnivač, jednog člana biraju roditelji djece korisnika usluga, a ostali članovi upravnog vijeća biraju se tajnim glasovanjem iz reda odgojitelja i stručnih suradnika dječjeg vrtića. Članovi Upravnog vijeća [&hellip;]

Talijanski dječji vrtić Pinocchio

Početna stranica

Upravno vijeće
